late the greatest common divisor of y and s.
1
Let b = 26 + -19. Let y(i) = -i**3 - 3*i**2 + 3*i - 3. Let a be y(-4). What is the greatest common factor of b and a?
1
Suppose 2*x - 35 = 9. Suppose -4*k = -282 - 334. Calculate the highest common divisor of x and k.
22
Let q be ((-4)/6)/(2/(-9)) + 125. Calculate the greatest common factor of 16 and q.
16
Let x = 4 - 2. Suppose 0 = -g - x*g. Let c(n) = -n**2 - n + 9. Let a be c(g). Calculate the greatest common divisor of a and 9.
9
Let n = 33 - -30. Let k = -76 - -97. Calculate the greatest common factor of n and k.
21
Let k be ((-7)/(-4))/((-1)/(-40)). Let s(n) = 2*n + 4. Let h be s(5). What is the highest common divisor of k and h?
14
Let u = 124 + -69. Let i = 195 - 98. Let t = i - u. Calculate the greatest common factor of t and 63.
21
Let s(t) = 3*t**2 - t. Let h be s(-1). Let k = 7 - h. Calculate the highest common divisor of k and 1.
1
Let s = 36 + -12. Suppose 3*z - 30 = 6. Calculate the highest common divisor of s and z.
12
Suppose -5*q - 2 - 13 = -2*r, -2*q = 2*r - 22. Calculate the greatest common divisor of 10 and r.
10
Suppose h - 6 = -h. Let y(c) = -c**3 + 6*c**2 + 9*c + 10. Let t be y(7). Calculate the highest common factor of t and h.
3
Let o be ((-38)/(-57))/(1/27). What is the highest common factor of o and 90?
18
Let h be 5 + -1 + -1 - 8. Let z = 17 - h. Calculate the greatest common divisor of 33 and z.
11
Let s(t) = t**3 + 6*t**2 - 3*t. Let n be s(-6). Let z be 3 + -2 + 2 - -1. Let x = z - -5. What is the greatest common factor of n and x?
9
Let t = -11 + 8. Let g be 15 + (t + -2 - -2). Let c(v) = -v**2 - 5*v + 4. Let q be c(-5). Calculate the greatest common factor of g and q.
4
Let h = 193 - 28. Calculate the highest common divisor of 15 and h.
15
Suppose -3*a + 1188 = a. Calculate the greatest common divisor of 33 and a.
33
Suppose -115 = -3*y + 5*o, -y - 2*o + 50 = y. Calculate the greatest common divisor of y and 60.
30
Let w(b) = b - 2. Let u be w(4). Suppose d + u*y = -4, 0*y = 4*d + 5*y + 7. What is the highest common factor of 2 and d?
2
Let h = -3 + -3. Let f be 164/6 - 4/h. Let z be (1*-7)/(1/(-10)). What is the highest common divisor of f and z?
14
Suppose -5*f - 72 = -4*v, -2*v - 2*v + 72 = 2*f. Calculate the highest common factor of v and 18.
18
Let u(y) = y - 1. Let b be u(5). Let x be (1*-1)/(4/(-12)). Let f be (-88)/x*6/(-4). What is the greatest common divisor of b and f?
4
Let m(r) = 184*r - 16. Let y(f) = 37*f - 3. Let g(x) = 2*m(x) - 11*y(x). Let u be g(-1). Calculate the highest common divisor of 100 and u.
20
Let w = 6 + 7. Let q be (-1)/((-4)/480) - 3. Calculate the highest common factor of q and w.
13
Let w be 2041/26 + ((-5)/(-2) - 1). What is the highest common divisor of w and 32?
16
Suppose 5*a + 130 = 2*b, 2*b - 102 = -4*a + 2*a. Let d = 56 - 34. What is the highest common factor of d and b?
11
Let b(h) = 9*h**2 + 2*h. Let q be b(7). What is the greatest common factor of 65 and q?
65
Let z(x) = 16*x**2 - 1. Let n be z(1). What is the highest common divisor of n and 15?
15
Let q be -2 + 0/(-2 - 1). Let h be (-86)/(-10) + q/(-5). Suppose -3*t + 0 = -h. Calculate the highest common factor of 9 and t.
3
Suppose -3*i + 3*n = -45, 5*i + 3*n - 51 = 2*n. Calculate the greatest common factor of 88 and i.
11
Let g be (-4)/8*52/2. Let l = g - -18. What is the greatest common divisor of l and 10?
5
Suppose -3*r = 3*p - 279, p - 95 = -r - 2*p. Suppose s - 2 = -0*s. Suppose 4*v = -s*n + r, 4*v = -v + 25. What is the greatest common divisor of 9 and n?
9
Suppose -10 = -3*o - 55. Let r be (18/o)/((-2)/5). What is the highest common divisor of 33 and r?
3
Suppose 8 = l - 2. Let x be 1/(-1) + 88 + -3. Let y = -4 + x. What is the highest common divisor of y and l?
10
Suppose -3*u + 1386 = -0*u. Calculate the highest common divisor of 42 and u.
42
Suppose 0 = -4*t - 4 + 28. Suppose t*k - 48 = 2*k. What is the highest common factor of k and 84?
12
Suppose 0 = 3*x - 4 - 38. What is the greatest common divisor of x and 35?
7
Suppose 0 = -4*q + 9 + 23. Calculate the highest common factor of 12 and q.
4
Suppose -4 = 2*i - 4*i. Calculate the highest common factor of i and 2.
2
Let c = 31 - 16. Suppose 0 = -4*w - 4*x + 184, 2*w + x = 2*x + 89. What is the greatest common factor of c and w?
15
Let w be (-2)/6 - 61/(-3). What is the highest common factor of 100 and w?
20
Let b = -28 - -17. Let w = 16 + b. Suppose s - 23 + 8 = -5*z, 5*s + 5*z - 115 = 0. Calculate the highest common factor of w and s.
5
Let z = 67 + 25. What is the greatest common divisor of z and 4?
4
Let x = -22 - -40. Suppose 5*y = -u + 496, 2*u = -4*y + 30 + 362. Suppose -26 = -p + y. What is the highest common factor of p and x?
18
Suppose 3*o + 3*n - 27 = 0, 0 = -2*o - o + 2*n + 47. Calculate the greatest common divisor of 39 and o.
13
Let p(a) be the first derivative of -a**3/3 + 5*a**2 + 11*a - 2. Let d be p(8). Let b be (-4)/18 - (-438)/d. Calculate the greatest common divisor of 32 and b.
16
Suppose -5*k - m + 395 = 142, -106 = -2*k - 2*m. Suppose -o - k = -6*o. Suppose -17 - o = -r. Calculate the greatest common factor of r and 9.
9
Suppose -12 + 3 = 3*u, -15 = -q - 3*u. Let f(p) = -p**3 - p**2 + p + 6. Let l be f(0). Calculate the highest common factor of l and q.
6
Suppose -1 = -4*r + 11. What is the highest common factor of r and 3?
3
Let h(n) = -4*n**2 + 3*n**2 + 9*n + 9 + 9. Let t be h(9). Calculate the highest common factor of t and 2.
2
Let u = -39 + 25. Suppose 4*a - 4*w - 112 = 0, 0 = a + w + 4*w - 34. Let v = u + a. What is the greatest common divisor of v and 45?
15
Let p(a) = a**2 + 3*a + 4. Let h be p(-3). Let x = 25 + 3. Calculate the highest common factor of h and x.
4
Let o be (-148)/(-10) - 2/(-10). Let d = o + 13. Suppose -5*t + 52 + d = 0. What is the highest common divisor of 64 and t?
16
Let u = 10 + -5. Let k be 6/(-15) - (-12)/u. What is the greatest common factor of 8 and k?
2
Let a(b) = -b - 1. Let n be a(0). Let x = n - -5. What is the greatest common factor of 2 and x?
2
Let y(i) = i**3 + 6*i**2 + 6*i + 7. Let s be y(-5). Suppose 22 = 4*w - s*w. What is the greatest common divisor of w and 99?
11
Let n be -2*1/6*-9. Suppose n*o - 5 - 1 = 0. Suppose -o*i + 32 = -i. Calculate the greatest common divisor of 8 and i.
8
Suppose 5*p + 4 = -w, 3*w - p = 22 - 2. Let o be 1*(0 + 4) - 2. What is the greatest common factor of o and w?
2
Let a = 7 + 0. Let z = -5 + a. Calculate the highest common divisor of z and 1.
1
Let i(u) = -u**2 + 3*u + 1. Let o be 4*12/32*2. Let k be i(o). Calculate the greatest common factor of 1 and k.
1
Suppose -5*t + 9 + 21 = 0. Suppose 8*k - t*k - 48 = 0. Calculate the greatest common factor of k and 3.
3
Suppose a + 3 = 4*n - 1, -47 = -4*a - 5*n. Calculate the highest common divisor of a and 32.
8
Suppose 45 = 2*a + 39. Calculate the highest common divisor of 9 and a.
3
Let s be (-2 + -3)*8/(-10). Calculate the greatest common divisor of s and 1.
1
Let u be 896/35 + 4/10. Let l be 1 - (0 - 41 - -3). What is the highest common factor of l and u?
13
Let r be (-21)/(-2)*2 + 3. Calculate the greatest common divisor of 8 and r.
8
Let a = -14 + 18. Let y be 18 + -1*(-2)/1. What is the greatest common divisor of y and a?
4
Let t(k) = -k - 3. Let z be t(-2). Let l be (z + 27 + 4)/1. What is the greatest common divisor of 10 and l?
10
Let k be (-2 + 33/12)*12. Let s(y) = y**2 - 5*y - 2. Let r be s(6). Let i be (-3)/(-6) - (-22)/r. What is the greatest common factor of i and k?
3
Suppose -k - a = -11, 2*k - 4*a + 0*a - 16 = 0. Suppose -5*h + 60 - k = 0. What is the highest common divisor of 4 and h?
2
Let h be 46 + (18/(-42) - (-11)/(-7)). What is the highest common divisor of h and 55?
11
Let p be 3601/39 - 2/(-3). Calculate the greatest common divisor of p and 31.
31
Let u = 39 + 21. Let x be 7/(147/(-6)) - (-176)/28. What is the greatest common factor of u and x?
6
Suppose -5*u + 108 = 3*c, 52 = 2*u + 2*c - 3*c. Let i be 14 + 4/(-2*1). Calculate the highest common divisor of u and i.
12
Let o be (35/5)/(1/2). Suppose -p + o + 2 = 0. What is the greatest common divisor of p and 80?
16
Let u be 8/20 + (-444)/(-15). Calculate the greatest common divisor of 10 and u.
10
Let g = 4 - -12. Let m = 27 - g. Suppose -3*x - 246 = -3*r, 5*r + 5*x - x = 365. Calculate 